{"id":8306,"date":"2026-09-01T15:13:13","date_gmt":"2026-09-01T13:13:13","guid":{"rendered":"https:\/\/ecole-steiner-verrieres.org\/?post_type=tribe_events&#038;p=8306"},"modified":"2026-09-01T15:18:23","modified_gmt":"2026-09-01T13:18:23","slug":"cine-club-little-miss-sunshine-de-jonathan-dayton-et-valerie-faris","status":"publish","type":"tribe_events","link":"https:\/\/ecole-steiner-verrieres.org\/en\/evenement\/cine-club-little-miss-sunshine-de-jonathan-dayton-et-valerie-faris\/","title":{"rendered":"Cin\u00e9-club : &#8220;Little Miss Sunshine&#8221; de Jonathan Dayton et Valerie Faris"},"content":{"rendered":"<div class=\"is-root-container is-desktop-preview is-layout-flow wp-block-post-content-is-layout-flow wp-block-post-content block-editor-block-list__layout\">\n<p>L&#8217;\u00e9quipe du cin\u00e9-club, compos\u00e9e de grands \u00e9l\u00e8ves et de professeurs, vous invite \u00e0 sa prochaine projection dans la grande salle Odilon-Redon !<\/p>\n<p>Cycle 2026-2027 : la m\u00e9canique du rire<\/p>\n<p id=\"block-f508e390-fc98-439b-a7b9-bb6b7ac3de4e\" class=\"block-editor-rich-text__editable block-editor-block-list__block wp-block wp-block-paragraph rich-text\" role=\"document\" contenteditable=\"true\" aria-multiline=\"true\" aria-readonly=\"false\" aria-label=\"Bloc\u00a0: paragraphe\" data-block=\"f508e390-fc98-439b-a7b9-bb6b7ac3de4e\" data-type=\"core\/paragraph\" data-title=\"Paragraphe\" data-empty=\"false\" data-wp-block-attribute-key=\"content\"><strong>&#8220;Little Miss Sunshine&#8221; (2006), <\/strong>de Jonathan Dayton et Valerie Faris. Dur\u00e9e : 1h40. VOST.<\/p>\n<p id=\"block-2c7c9566-3d85-447b-8d9e-ca013b9c903f\" class=\"block-editor-rich-text__editable block-editor-block-list__block wp-block wp-block-paragraph rich-text\" role=\"document\" contenteditable=\"true\" aria-multiline=\"true\" aria-readonly=\"false\" aria-label=\"Bloc\u00a0: paragraphe\" data-block=\"2c7c9566-3d85-447b-8d9e-ca013b9c903f\" data-type=\"core\/paragraph\" data-title=\"Paragraphe\" data-empty=\"false\" data-wp-block-attribute-key=\"content\"><strong data-rich-text-format-boundary=\"true\">Rendez-vous mardi 29 septembre 2026 \u00e0 18h45 dans la grande salle.<\/strong><\/p>\n<p id=\"block-b07ba3c7-99bf-460f-b470-9abd0dbfbd36\" class=\"block-editor-rich-text__editable block-editor-block-list__block wp-block wp-block-paragraph rich-text\" role=\"document\" contenteditable=\"true\" aria-multiline=\"true\" aria-readonly=\"false\" aria-label=\"Bloc\u00a0: paragraphe\" data-block=\"b07ba3c7-99bf-460f-b470-9abd0dbfbd36\" data-type=\"core\/paragraph\" data-title=\"Paragraphe\" data-empty=\"false\" data-wp-block-attribute-key=\"content\">Bulletin d&#8217;adh\u00e9sion \u00e0 demander \u00e0 l&#8217;accueil ou \u00e0 l&#8217;entr\u00e9e de la s\u00e9ance.<\/p>\n<p id=\"block-6f27ba70-c3e5-45e6-8d8a-70e4d3481a5c\" class=\"block-editor-rich-text__editable block-editor-block-list__block wp-block wp-block-paragraph rich-text\" role=\"document\" contenteditable=\"true\" aria-multiline=\"true\" aria-readonly=\"false\" aria-label=\"Bloc\u00a0: paragraphe\" data-block=\"6f27ba70-c3e5-45e6-8d8a-70e4d3481a5c\" data-type=\"core\/paragraph\" data-title=\"Paragraphe\" data-empty=\"false\" data-wp-block-attribute-key=\"content\">Ouvert \u00e0 tous sur adh\u00e9sion annuelle : 20\u20ac. <br data-rich-text-line-break=\"true\" \/>Le tarif pour les \u00e9l\u00e8ves de l&#8217;\u00e9cole est de 15\u20ac (le cin\u00e9-club est ouvert aux \u00e9l\u00e8ves <em>\u00e0 partir de la 9e classe<\/em>).<\/p>\n<p>Chaque s\u00e9ance se d\u00e9roule comme suit : pr\u00e9sentation travaill\u00e9e par les \u00e9l\u00e8ves ; projection ; \u00e9changes\/d\u00e9bat.<\/p>\n<p><iframe title=\"Little Miss Sunshine\" frameborder=\"0\" width=\"800\" height=\"449\" src=\"https:\/\/geo.dailymotion.com\/player.html?video=x9nw1ak&#038;\" allowfullscreen allow=\"autoplay; fullscreen; picture-in-picture; web-share\"><\/iframe><\/p>\n<p>&nbsp;<\/p>\n<\/div>","protected":false},"excerpt":{"rendered":"<p>L&#8217;\u00e9quipe du cin\u00e9-club, compos\u00e9e de grands \u00e9l\u00e8ves et de professeurs, vous invite \u00e0 sa prochaine projection dans la grande salle Odilon-Redon ! Cycle 2026-2027 : la m\u00e9canique du rire &#8220;Little [&hellip;]<\/p>\n","protected":false},"author":3,"featured_media":8309,"template":"","meta":{"_tribe_events_status":"","_tribe_events_status_reason":"","footnotes":""},"tags":[94,67],"tribe_events_cat":[90],"class_list":["post-8306","tribe_events","type-tribe_events","status-publish","has-post-thumbnail","hentry","tag-cine-club","tag-evenement","tribe_events_cat-evenement-ecole","cat_evenement-ecole"],"_links":{"self":[{"href":"https:\/\/ecole-steiner-verrieres.org\/en\/wp-json\/wp\/v2\/tribe_events\/8306","targetHints":{"allow":["GET"]}}],"collection":[{"href":"https:\/\/ecole-steiner-verrieres.org\/en\/wp-json\/wp\/v2\/tribe_events"}],"about":[{"href":"https:\/\/ecole-steiner-verrieres.org\/en\/wp-json\/wp\/v2\/types\/tribe_events"}],"author":[{"embeddable":true,"href":"https:\/\/ecole-steiner-verrieres.org\/en\/wp-json\/wp\/v2\/users\/3"}],"version-history":[{"count":2,"href":"https:\/\/ecole-steiner-verrieres.org\/en\/wp-json\/wp\/v2\/tribe_events\/8306\/revisions"}],"predecessor-version":[{"id":8308,"href":"https:\/\/ecole-steiner-verrieres.org\/en\/wp-json\/wp\/v2\/tribe_events\/8306\/revisions\/8308"}],"wp:featuredmedia":[{"embeddable":true,"href":"https:\/\/ecole-steiner-verrieres.org\/en\/wp-json\/wp\/v2\/media\/8309"}],"wp:attachment":[{"href":"https:\/\/ecole-steiner-verrieres.org\/en\/wp-json\/wp\/v2\/media?parent=8306"}],"wp:term":[{"taxonomy":"post_tag","embeddable":true,"href":"https:\/\/ecole-steiner-verrieres.org\/en\/wp-json\/wp\/v2\/tags?post=8306"},{"taxonomy":"tribe_events_cat","embeddable":true,"href":"https:\/\/ecole-steiner-verrieres.org\/en\/wp-json\/wp\/v2\/tribe_events_cat?post=8306"}],"curies":[{"name":"wp","href":"https:\/\/api.w.org\/{rel}","templated":true}]}}

Ciné-club : &#8220;Little Miss Sunshine&#8221; de Jonathan Dayton et Valerie Faris

<div class="is-root-container is-desktop-preview is-layout-flow wp-block-post-content-is-layout-flow wp-block-post-content block-editor-block-list__layout">
<p>L&#8217;équipe du ciné-club, composée de grands élèves et de professeurs, vous invite à sa prochaine projection dans la grande salle Odilon-Redon !</p>
<p>Cycle 2026-2027 : la mécanique du rire</p>
<p id="block-f508e390-fc98-439b-a7b9-bb6b7ac3de4e" class="block-editor-rich-text__editable block-editor-block-list__block wp-block wp-block-paragraph rich-text" role="document" contenteditable="true" aria-multiline="true" aria-readonly="false" aria-label="Bloc : paragraphe" data-block="f508e390-fc98-439b-a7b9-bb6b7ac3de4e" data-type="core/paragraph" data-title="Paragraphe" data-empty="false" data-wp-block-attribute-key="content"><strong>&#8220;Little Miss Sunshine&#8221; (2006), </strong>de Jonathan Dayton et Valerie Faris. Durée : 1h40. VOST.</p>
<p id="block-2c7c9566-3d85-447b-8d9e-ca013b9c903f" class="block-editor-rich-text__editable block-editor-block-list__block wp-block wp-block-paragraph rich-text" role="document" contenteditable="true" aria-multiline="true" aria-readonly="false" aria-label="Bloc : paragraphe" data-block="2c7c9566-3d85-447b-8d9e-ca013b9c903f" data-type="core/paragraph" data-title="Paragraphe" data-empty="false" data-wp-block-attribute-key="content"><strong data-rich-text-format-boundary="true">Rendez-vous mardi 29 septembre 2026 à 18h45 dans la grande salle.</strong></p>
<p id="block-b07ba3c7-99bf-460f-b470-9abd0dbfbd36" class="block-editor-rich-text__editable block-editor-block-list__block wp-block wp-block-paragraph rich-text" role="document" contenteditable="true" aria-multiline="true" aria-readonly="false" aria-label="Bloc : paragraphe" data-block="b07ba3c7-99bf-460f-b470-9abd0dbfbd36" data-type="core/paragraph" data-title="Paragraphe" data-empty="false" data-wp-block-attribute-key="content">Bulletin d&#8217;adhésion à demander à l&#8217;accueil ou à l&#8217;entrée de la séance.</p>
<p id="block-6f27ba70-c3e5-45e6-8d8a-70e4d3481a5c" class="block-editor-rich-text__editable block-editor-block-list__block wp-block wp-block-paragraph rich-text" role="document" contenteditable="true" aria-multiline="true" aria-readonly="false" aria-label="Bloc : paragraphe" data-block="6f27ba70-c3e5-45e6-8d8a-70e4d3481a5c" data-type="core/paragraph" data-title="Paragraphe" data-empty="false" data-wp-block-attribute-key="content">Ouvert à tous sur adhésion annuelle : 20€. <br data-rich-text-line-break="true" />Le tarif pour les élèves de l&#8217;école est de 15€ (le ciné-club est ouvert aux élèves <em>à partir de la 9e classe</em>).</p>
<p>Chaque séance se déroule comme suit : présentation travaillée par les élèves ; projection ; échanges/débat.</p>
<p><iframe title="Little Miss Sunshine" frameborder="0" width="800" height="449" src="https://geo.dailymotion.com/player.html?video=x9nw1ak&#038;" allowfullscreen allow="autoplay; fullscreen; picture-in-picture; web-share"></iframe></p>
<p>&nbsp;</p>
</div>

<p>L&#8217;équipe du ciné-club, composée de grands élèves et de professeurs, vous invite à sa prochaine projection dans la grande salle Odilon-Redon ! Cycle 2026-2027 : la mécanique du rire &#8220;Little [&hellip;]</p>
